{"id":962,"date":"2016-08-25T15:25:51","date_gmt":"2016-08-25T12:25:51","guid":{"rendered":"http:\/\/smartyschool.stylemixthemes.com\/?page_id=962"},"modified":"2021-01-14T23:09:23","modified_gmt":"2021-01-14T23:09:23","slug":"admisiones","status":"publish","type":"page","link":"http:\/\/www.colegiosantotomaschia.edu.co\/newsite\/admisiones\/","title":{"rendered":"Admisiones"},"content":{"rendered":"<p>[vc_row css=&#8221;.vc_custom_1609966164487{margin-top: -43px !important;margin-bottom: 0px !important;}&#8221;][vc_column][rev_slider_vc alias=&#8221;nosotros-1&#8243;][\/vc_column][\/vc_row][vc_row full_width=&#8221;stretch_row&#8221; css=&#8221;.vc_custom_1609965614558{padding-bottom: 58px !important;background-color: #ffffff !important;}&#8221;][vc_column][vc_empty_space height=&#8221;50px&#8221;][stm_title title_tag=&#8221;div&#8221; title_align=&#8221;center&#8221; title_color=&#8221;custom&#8221; subtitle_color=&#8221;custom&#8221; page_title_enable=&#8221;true&#8221; subtitle_enable=&#8221;true&#8221; title_color_custom=&#8221;#000000&#8243; subtitle_font_size=&#8221;20px&#8221; subtitle_line_height=&#8221;36px&#8221; subtitle_color_custom=&#8221;#000000&#8243; title_font_size=&#8221;36px&#8221; title_line_height=&#8221;54px&#8221; title_margin_b=&#8221;21px&#8221; subtitle_margin_b=&#8221;29px&#8221;]Conoce Nuestro Proceso[\/stm_title][vc_row_inner][vc_column_inner width=&#8221;1\/3&#8243;][stm_icon_box descr_color=&#8221;custom&#8221; step_enable=&#8221;true&#8221; title=&#8221;Pre-inscripci\u00f3n&#8221; descr=&#8221;Inscr\u00edbete para la charla informativa sobre la filosof\u00eda Tomasina, PEI, manual de convivencia, instalaciones y servicios.&#8221; step_number=&#8221;1&#8243; title_font_size=&#8221;18px&#8221; title_line_height=&#8221;42px&#8221; title_margin_b=&#8221;13px&#8221; descr_color_custom=&#8221;#595959&#8243; descr_font_size=&#8221;15px&#8221; descr_line_height=&#8221;30px&#8221;][vc_btn title=&#8221;M\u00e1s informaci\u00f3n AQU\u00cd&#8221; color=&#8221;black&#8221; align=&#8221;center&#8221; link=&#8221;url:https%3A%2F%2Fdocs.google.com%2Fforms%2Fd%2Fe%2F1FAIpQLSecvWkvZYVSUqTWv7JlhxOgeRY7WeWW4YgX3xPFG20zUYzJZQ%2Fviewform|target:_blank&#8221;][vc_empty_space][\/vc_column_inner][vc_column_inner width=&#8221;1\/3&#8243;][stm_icon_box descr_color=&#8221;custom&#8221; step_enable=&#8221;true&#8221; title=&#8221;Inscripci\u00f3n&#8221; descr=&#8221;Compra de formulario ($50.000 COP) Para realizar el pago, te enviaremos toda la informaci\u00f3n al correo electr\u00f3nico.&#8221; step_number=&#8221;2&#8243; title_font_size=&#8221;18px&#8221; title_line_height=&#8221;42px&#8221; title_margin_b=&#8221;13px&#8221; descr_color_custom=&#8221;#595959&#8243; descr_font_size=&#8221;15px&#8221; descr_line_height=&#8221;30px&#8221;][\/vc_column_inner][vc_column_inner width=&#8221;1\/3&#8243;][stm_icon_box descr_color=&#8221;custom&#8221; step_enable=&#8221;true&#8221; title=&#8221;Entrevista familiar y prueba diagn\u00f3stica&#8221; descr=&#8221;Asiste en el horario seleccionado al encuentro v\u00eda ZOOM-MEET (duraci\u00f3n 60&#8242;)&#8221; step_number=&#8221;3&#8243; title_font_size=&#8221;18px&#8221; title_line_height=&#8221;42px&#8221; title_margin_b=&#8221;13px&#8221; descr_color_custom=&#8221;#595959&#8243; descr_font_size=&#8221;15px&#8221; descr_line_height=&#8221;30px&#8221;][\/vc_column_inner][\/vc_row_inner][vc_row_inner][vc_column_inner width=&#8221;1\/3&#8243;][stm_icon_box descr_color=&#8221;custom&#8221; step_enable=&#8221;true&#8221; title=&#8221;Resultados&#8221; descr=&#8221;La respuesta de admisi\u00f3n se realizar\u00e1 mediante encuentro virtual con programaci\u00f3n previa. En \u00e9ste se describe al grupo familiar los componentes de favorabilidad de nuestro PEI para el futuro acad\u00e9mico del aspirante.&#8221; step_number=&#8221;4&#8243; title_font_size=&#8221;18px&#8221; title_line_height=&#8221;42px&#8221; title_margin_b=&#8221;13px&#8221; descr_color_custom=&#8221;#595959&#8243; descr_font_size=&#8221;15px&#8221; descr_line_height=&#8221;30px&#8221;][\/vc_column_inner][vc_column_inner width=&#8221;1\/3&#8243;][stm_icon_box descr_color=&#8221;custom&#8221; step_enable=&#8221;true&#8221; title=&#8221;Pre-matr\u00edcula y Matr\u00edcula&#8221; descr=&#8221;El grupo familiar en el departamento de apoyo contable reciben datos sobre costos y procesos de consignaci\u00f3n para realizar separaci\u00f3n de cupo y programaci\u00f3n de matr\u00edcula.&#8221; step_number=&#8221;5&#8243; title_font_size=&#8221;18px&#8221; title_line_height=&#8221;42px&#8221; title_margin_b=&#8221;13px&#8221; descr_color_custom=&#8221;#595959&#8243; descr_font_size=&#8221;15px&#8221; descr_line_height=&#8221;30px&#8221;][\/vc_column_inner][vc_column_inner width=&#8221;1\/3&#8243;][\/vc_column_inner][\/vc_row_inner][\/vc_column][\/vc_row][vc_row full_width=&#8221;stretch_row&#8221; css=&#8221;.vc_custom_1469697216174{padding-top: 37px !important;padding-bottom: 60px !important;background-color: #e3e7ea !important;}&#8221;][vc_column][stm_title title_tag=&#8221;h2&#8243; title_color=&#8221;custom&#8221; title=&#8221;Accede f\u00e1cil y r\u00e1pido a nuestros servicios&#8221; title_color_custom=&#8221;#000000&#8243; title_margin_b=&#8221;43px&#8221;][\/stm_title][vc_row_inner][vc_column_inner width=&#8221;1\/3&#8243;][stm_action_box img_id=&#8221;2682&#8243; action_box_link=&#8221;url:%23||&#8221; link_title=&#8221;Conoce m\u00e1s&#8221; title=&#8221;Admisiones&#8221;]Conoce el paso paso del proceso de admisi\u00f3n[\/stm_action_box][\/vc_column_inner][vc_column_inner width=&#8221;1\/3&#8243;][stm_action_box img_id=&#8221;2683&#8243; img_size=&#8221;350&#215;200&#8243; title=&#8221;Pago de Matr\u00edcula\/Otros&#8221; action_box_link=&#8221;url:https%3A%2F%2Fwww.zonapagos.com%2Fbasica%2F&#8221; link_title=&#8221;Pagar ahora&#8221;]Accede f\u00e1cil y r\u00e1pido a nuestros canales de pago[\/stm_action_box][\/vc_column_inner][vc_column_inner width=&#8221;1\/3&#8243;][stm_action_box img_id=&#8221;2684&#8243; title=&#8221;Pago de Pensi\u00f3n&#8221; link_title=&#8221;Pagar ahora&#8221; action_box_link=&#8221;url:https%3A%2F%2Fwww.zonapagos.com%2FPagosN3%2FVistas%2FLogins%2FLoginCliente.aspx&#8221;]Accede f\u00e1cil y r\u00e1pido a nuestros canales de pago[\/stm_action_box][\/vc_column_inner][\/vc_row_inner][\/vc_column][\/vc_row][vc_row full_width=&#8221;stretch_row&#8221; css=&#8221;.vc_custom_1473423784055{padding-top: 34px !important;padding-bottom: 58px !important;background-color: #fcfcfc !important;}&#8221;][vc_column][stm_title title_tag=&#8221;div&#8221; title_align=&#8221;center&#8221; title_color=&#8221;custom&#8221; title=&#8221;Cont\u00e1ctanos si tienes alguna duda&#8221; title_color_custom=&#8221;#000000&#8243; title_font_size=&#8221;30px&#8221; title_line_height=&#8221;42px&#8221; title_margin_b=&#8221;49px&#8221;][\/stm_title][vc_row_inner][vc_column_inner width=&#8221;2\/3&#8243; css=&#8221;.vc_custom_1473423764932{margin-bottom: 40px !important;}&#8221;]<div role=\"form\" class=\"wpcf7\" id=\"wpcf7-f682-o1\" lang=\"en-US\" dir=\"ltr\">\n<div class=\"screen-reader-response\"><p role=\"status\" aria-live=\"polite\" aria-atomic=\"true\"><\/p> <ul><\/ul><\/div>\n<form action=\"\/newsite\/wp-json\/wp\/v2\/pages\/962#wpcf7-f682-o1\" method=\"post\" class=\"wpcf7-form init\" novalidate=\"novalidate\" data-status=\"init\">\n<div style=\"display: none;\">\n<input type=\"hidden\" name=\"_wpcf7\" value=\"682\" \/>\n<input type=\"hidden\" name=\"_wpcf7_version\" value=\"5.3.2\" \/>\n<input type=\"hidden\" name=\"_wpcf7_locale\" value=\"en_US\" \/>\n<input type=\"hidden\" name=\"_wpcf7_unit_tag\" value=\"wpcf7-f682-o1\" \/>\n<input type=\"hidden\" name=\"_wpcf7_container_post\" value=\"0\" \/>\n<input type=\"hidden\" name=\"_wpcf7_posted_data_hash\" value=\"\" \/>\n<\/div>\n<div class=\"row\">\n<div class=\"col-sm-6 col-xs-12\"><span class=\"wpcf7-form-control-wrap your-name\"><input type=\"text\" name=\"your-name\" value=\"\" size=\"40\" class=\"wpcf7-form-control wpcf7-text wpcf7-validates-as-required\" aria-required=\"true\" aria-invalid=\"false\" placeholder=\"Nombre *\" \/><\/span><span class=\"wpcf7-form-control-wrap your-email\"><input type=\"email\" name=\"your-email\" value=\"\" size=\"40\" class=\"wpcf7-form-control wpcf7-text wpcf7-email wpcf7-validates-as-required wpcf7-validates-as-email\" aria-required=\"true\" aria-invalid=\"false\" placeholder=\"E-mail *\" \/><\/span><span class=\"wpcf7-form-control-wrap your-phone\"><input type=\"tel\" name=\"your-phone\" value=\"\" size=\"40\" class=\"wpcf7-form-control wpcf7-text wpcf7-tel wpcf7-validates-as-tel\" aria-invalid=\"false\" placeholder=\"Tel\u00e9fono\" \/><\/span><\/div>\n<div class=\"col-sm-6 col-xs-12\"><span class=\"wpcf7-form-control-wrap your-message\"><textarea name=\"your-message\" cols=\"40\" rows=\"10\" class=\"wpcf7-form-control wpcf7-textarea wpcf7-validates-as-required\" aria-required=\"true\" aria-invalid=\"false\" placeholder=\"Mensaje *\"><\/textarea><\/span><\/div>\n<\/div>\n<p><button type=\"submit\" class=\"stm-btn stm-btn_outline stm-btn_md stm-btn_red stm-btn_icon-right\">Enviar <i class=\"fa fa-angle-right\" aria-hidden=\"true\"><\/i><\/button><input type=\"submit\" value=\"Enviar\" class=\"wpcf7-form-control wpcf7-submit hidden\" \/><\/p>\n<input type='hidden' class='wpcf7-pum' value='{\"closepopup\":false,\"closedelay\":0,\"openpopup\":false,\"openpopup_id\":0}' \/><div class=\"wpcf7-response-output\" aria-hidden=\"true\"><\/div><\/form><\/div>[\/vc_column_inner][vc_column_inner width=&#8221;1\/3&#8243;][stm_contact_details address=&#8221;V\u00eda Ch\u00eda &#8211; Cota Km2 Vda Cerca de Piedra&#8221; tel=&#8221;Cel: +57 314 237 9384 | 319 557 9536&#8243; fax=&#8221;Tel: +57 (1) 8623338 | 8859114 | 8859038&#8243; email=&#8221;colegio@santotomaschia.edu.co&#8221; work_schedule=&#8221;Lun \u2014 Vie: 8AM \u2014 6PM&#8221;][\/vc_column_inner][\/vc_row_inner][\/vc_column][\/vc_row]<\/p>\n","protected":false},"excerpt":{"rendered":"<p>[vc_row css=&#8221;.vc_custom_1609966164487{margin-top: -43px !important;margin-bottom: 0px !important;}&#8221;][vc_column][rev_slider_vc alias=&#8221;nosotros-1&#8243;][\/vc_column][\/vc_row][vc_row full_width=&#8221;stretch_row&#8221; css=&#8221;.vc_custom_1609965614558{padding-bottom: 58px !important;background-color: #ffffff !important;}&#8221;][vc_column][vc_empty_space height=&#8221;50px&#8221;][stm_title title_tag=&#8221;div&#8221; title_align=&#8221;center&#8221; title_color=&#8221;custom&#8221; subtitle_color=&#8221;custom&#8221; page_title_enable=&#8221;true&#8221; subtitle_enable=&#8221;true&#8221; title_color_custom=&#8221;#000000&#8243; subtitle_font_size=&#8221;20px&#8221; subtitle_line_height=&#8221;36px&#8221; subtitle_color_custom=&#8221;#000000&#8243; title_font_size=&#8221;36px&#8221; title_line_height=&#8221;54px&#8221; title_margin_b=&#8221;21px&#8221; subtitle_margin_b=&#8221;29px&#8221;]Conoce Nuestro Proceso[\/stm_title][vc_row_inner][vc_column_inner width=&#8221;1\/3&#8243;][stm_icon_box descr_color=&#8221;custom&#8221; step_enable=&#8221;true&#8221; title=&#8221;Pre-inscripci\u00f3n&#8221; descr=&#8221;Inscr\u00edbete para la charla informativa sobre la filosof\u00eda Tomasina, PEI, manual de convivencia, instalaciones y servicios.&#8221; step_number=&#8221;1&#8243; title_font_size=&#8221;18px&#8221; title_line_height=&#8221;42px&#8221; title_margin_b=&#8221;13px&#8221; descr_color_custom=&#8221;#595959&#8243; [&hellip;]<\/p>\n","protected":false},"author":1,"featured_media":0,"parent":0,"menu_order":3,"comment_status":"closed","ping_status":"closed","template":"","meta":[],"_links":{"self":[{"href":"http:\/\/www.colegiosantotomaschia.edu.co\/newsite\/wp-json\/wp\/v2\/pages\/962"}],"collection":[{"href":"http:\/\/www.colegiosantotomaschia.edu.co\/newsite\/wp-json\/wp\/v2\/pages"}],"about":[{"href":"http:\/\/www.colegiosantotomaschia.edu.co\/newsite\/wp-json\/wp\/v2\/types\/page"}],"author":[{"embeddable":true,"href":"http:\/\/www.colegiosantotomaschia.edu.co\/newsite\/wp-json\/wp\/v2\/users\/1"}],"replies":[{"embeddable":true,"href":"http:\/\/www.colegiosantotomaschia.edu.co\/newsite\/wp-json\/wp\/v2\/comments?post=962"}],"version-history":[{"count":10,"href":"http:\/\/www.colegiosantotomaschia.edu.co\/newsite\/wp-json\/wp\/v2\/pages\/962\/revisions"}],"predecessor-version":[{"id":2817,"href":"http:\/\/www.colegiosantotomaschia.edu.co\/newsite\/wp-json\/wp\/v2\/pages\/962\/revisions\/2817"}],"wp:attachment":[{"href":"http:\/\/www.colegiosantotomaschia.edu.co\/newsite\/wp-json\/wp\/v2\/media?parent=962"}],"curies":[{"name":"wp","href":"https:\/\/api.w.org\/{rel}","templated":true}]}}