{"id":1762,"date":"2016-09-05T13:57:26","date_gmt":"2016-09-05T10:57:26","guid":{"rendered":"http:\/\/smartyschool.stylemixthemes.com\/?page_id=1762"},"modified":"2021-01-15T00:19:15","modified_gmt":"2021-01-15T00:19:15","slug":"historia","status":"publish","type":"page","link":"http:\/\/www.colegiosantotomaschia.edu.co\/newsite\/historia\/","title":{"rendered":"Historia"},"content":{"rendered":"<p>[vc_row][vc_column width=&#8221;3\/4&#8243;][stm_title title_color=&#8221;custom&#8221; page_title_enable=&#8221;true&#8221; title_color_custom=&#8221;#000000&#8243; title_font_size=&#8221;36px&#8221; title_line_height=&#8221;54px&#8221; title_margin_b=&#8221;29px&#8221;][\/stm_title][stm_title title_tag=&#8221;div&#8221; title_color=&#8221;custom&#8221; title=&#8221;Con ocasi\u00f3n de la celebraci\u00f3n del bingo-bazar del Colegio Celest\u00edn Freinet, en el Club el Moh\u00e1n en el mes de junio de 1987 se encontraron Helena Gracia de Castro, profesora del citado Colegio, Jos\u00e9 Emiliano Pinz\u00f3n Reyes y Susana Torres de Pinz\u00f3n.&#8221; title_color_custom=&#8221;#000000&#8243; title_font_size=&#8221;20px&#8221; title_line_height=&#8221;36px&#8221; title_margin_b=&#8221;28px&#8221;][\/stm_title][vc_row_inner css=&#8221;.vc_custom_1473074841643{margin-bottom: 20px !important;}&#8221;][vc_column_inner width=&#8221;2\/3&#8243;][vc_column_text css=&#8221;.vc_custom_1609952051572{margin-bottom: 30px !important;}&#8221;]<span style=\"display: block; line-height: 30px; font-family: 'Work Sans', sans-serif; font-size: 15px;\">Siendo esta la ocasi\u00f3n para proponer la fundaci\u00f3n de un Colegio de primaria para el municipio de Ch\u00eda, que supliera la deficiencia encontrada en cuanto a posibilidades de estudio para la poblaci\u00f3n infantil del municipio.<\/span>[\/vc_column_text][vc_column_text]<span style=\"display: block; line-height: 30px; font-family: 'Work Sans', sans-serif; font-size: 15px;\">En agosto del mismo a\u00f1o se di\u00f3 concreci\u00f3n al planteamiento para presentarlo a la Secretar\u00eda de Educaci\u00f3n, al mismo tiempo se hicieron los primeros volantes anunciando la apertura del futuro Colegio Santo Tom\u00e1s Ch\u00eda. De esta manera se consolid\u00f3 el Acta de Funcionamiento del plantel.\u00a0<\/span>[\/vc_column_text][\/vc_column_inner][vc_column_inner width=&#8221;1\/3&#8243;][stm_single_image img_responsive_enable=&#8221;true&#8221; img_id=&#8221;2604&#8243; img_size=&#8221;255&#215;385&#8243; css=&#8221;.vc_custom_1610636293989{margin-top: 2px !important;}&#8221;][\/vc_column_inner][\/vc_row_inner][\/vc_column][vc_column width=&#8221;1\/4&#8243; css=&#8221;.vc_custom_1473074851678{margin-bottom: 20px !important;}&#8221;][stm_sidebar sidebar_id=&#8221;1278&#8243;][\/vc_column][\/vc_row][vc_row][vc_column offset=&#8221;vc_hidden-xs&#8221;][stm_title title_tag=&#8221;div&#8221; title_color=&#8221;custom&#8221; title=&#8221;L\u00ednea de tiempo de nuestra historia&#8221; title_color_custom=&#8221;#000000&#8243; title_font_size=&#8221;30px&#8221; title_line_height=&#8221;54px&#8221; title_margin_b=&#8221;15px&#8221;][\/stm_title][stm_timeline][stm_timeline_item img_id=&#8221;2626&#8243; title=&#8221;1988&#8243;]<span style=\"display: block; line-height: 30px; font-family: 'Work Sans', sans-serif; font-size: 15px;\">El Colegio Santo Tom\u00e1s Ch\u00eda comienza a funcionar en el a\u00f1o 1988 aproximadamente con 100 estudiantes en los grados de Pre-escolar y B\u00e1sica Primaria. <\/span>[\/stm_timeline_item][stm_timeline_item img_id=&#8221;2607&#8243; title=&#8221;1993&#8243;]<span style=\"display: block; line-height: 30px; font-family: 'Work Sans', sans-serif; font-size: 15px;\">Progresivamente el colegio creci\u00f3 anualmente de un 20% a 50%, en lo que respecta al n\u00famero de estudiantes matriculados all\u00ed. Por esta gran acogida que se le ha dado al colegio de parte del municipio de Ch\u00eda, y a solicitud de los padres de familia en 1993 (cinco a\u00f1os despu\u00e9s de la fundaci\u00f3n), el colegio comienza a prestar el servicio de Educaci\u00f3n B\u00e1sica en el ciclo de Bachillerato.<\/span>[\/stm_timeline_item][stm_timeline_item img_id=&#8221;2536&#8243; title=&#8221;1994&#8243;]<span style=\"display: block; line-height: 30px; font-family: 'Work Sans', sans-serif; font-size: 15px;\">En 1994 se abre la nueva sede en la Vereda Cerca de Piedra con los cursos de Cuarto a S\u00e9ptimo. <\/span>[\/stm_timeline_item][stm_timeline_item img_id=&#8221;2606&#8243; title=&#8221;2021&#8243;]<span style=\"display: block; line-height: 30px; font-family: 'Work Sans', sans-serif; font-size: 15px;\">Actualmente cuenta aproximadamente con 800 estudiantes en los grados de Pre-escolar, B\u00e1sica Primaria, Secundaria y Med\u00eda Acad\u00e9mica. <\/span>[\/stm_timeline_item][\/stm_timeline][\/vc_column][\/vc_row]<\/p>\n","protected":false},"excerpt":{"rendered":"<p>[vc_row][vc_column width=&#8221;3\/4&#8243;][stm_title title_color=&#8221;custom&#8221; page_title_enable=&#8221;true&#8221; title_color_custom=&#8221;#000000&#8243; title_font_size=&#8221;36px&#8221; title_line_height=&#8221;54px&#8221; title_margin_b=&#8221;29px&#8221;][\/stm_title][stm_title title_tag=&#8221;div&#8221; title_color=&#8221;custom&#8221; title=&#8221;Con ocasi\u00f3n de la celebraci\u00f3n del bingo-bazar del Colegio Celest\u00edn Freinet, en el Club el Moh\u00e1n en el mes de junio de 1987 se encontraron Helena Gracia de Castro, profesora del citado Colegio, Jos\u00e9 Emiliano Pinz\u00f3n Reyes y Susana Torres de Pinz\u00f3n.&#8221; title_color_custom=&#8221;#000000&#8243; title_font_size=&#8221;20px&#8221; title_line_height=&#8221;36px&#8221; [&hellip;]<\/p>\n","protected":false},"author":1,"featured_media":0,"parent":0,"menu_order":0,"comment_status":"closed","ping_status":"closed","template":"","meta":[],"_links":{"self":[{"href":"http:\/\/www.colegiosantotomaschia.edu.co\/newsite\/wp-json\/wp\/v2\/pages\/1762"}],"collection":[{"href":"http:\/\/www.colegiosantotomaschia.edu.co\/newsite\/wp-json\/wp\/v2\/pages"}],"about":[{"href":"http:\/\/www.colegiosantotomaschia.edu.co\/newsite\/wp-json\/wp\/v2\/types\/page"}],"author":[{"embeddable":true,"href":"http:\/\/www.colegiosantotomaschia.edu.co\/newsite\/wp-json\/wp\/v2\/users\/1"}],"replies":[{"embeddable":true,"href":"http:\/\/www.colegiosantotomaschia.edu.co\/newsite\/wp-json\/wp\/v2\/comments?post=1762"}],"version-history":[{"count":7,"href":"http:\/\/www.colegiosantotomaschia.edu.co\/newsite\/wp-json\/wp\/v2\/pages\/1762\/revisions"}],"predecessor-version":[{"id":2831,"href":"http:\/\/www.colegiosantotomaschia.edu.co\/newsite\/wp-json\/wp\/v2\/pages\/1762\/revisions\/2831"}],"wp:attachment":[{"href":"http:\/\/www.colegiosantotomaschia.edu.co\/newsite\/wp-json\/wp\/v2\/media?parent=1762"}],"curies":[{"name":"wp","href":"https:\/\/api.w.org\/{rel}","templated":true}]}}